{"id":2728,"date":"2023-04-21T14:39:39","date_gmt":"2023-04-21T12:39:39","guid":{"rendered":"https:\/\/biennaledladziecka.pl\/wydarzenie\/moj-ogon-i-ja-interaktywny-spektakl-taneczny\/"},"modified":"2023-05-24T21:39:30","modified_gmt":"2023-05-24T19:39:30","slug":"my-tail-and-i-interactive-dance-performance","status":"publish","type":"wydarzenie","link":"https:\/\/biennaledladziecka.pl\/en\/event\/my-tail-and-i-interactive-dance-performance\/","title":{"rendered":"My tail and I \/ interactive dance performance"},"featured_media":1984,"template":"","categories":[54,55],"wiek":[90],"class_list":["post-2728","wydarzenie","type-wydarzenie","status-publish","has-post-thumbnail","hentry","category-dance","category-theatre"],"acf":[],"yoast_head":"<!-- This site is optimized with the Yoast SEO plugin v24.5 - https:\/\/yoast.com\/wordpress\/plugins\/seo\/ -->\n<title>My tail and I \/ interactive dance performance - Children\u2019s Art Biennale<\/title>\n<meta name=\"robots\" content=\"index, follow, max-snippet:-1, max-image-preview:large, max-video-preview:-1\" \/>\n<link rel=\"canonical\" href=\"https:\/\/biennaledladziecka.pl\/en\/event\/my-tail-and-i-interactive-dance-performance\/\" \/>\n<meta property=\"og:locale\" content=\"en_US\" \/>\n<meta property=\"og:type\" content=\"article\" \/>\n<meta property=\"og:title\" content=\"My tail and I \/ interactive dance performance - Children\u2019s Art Biennale\" \/>\n<meta property=\"og:url\" content=\"https:\/\/biennaledladziecka.pl\/en\/event\/my-tail-and-i-interactive-dance-performance\/\" \/>\n<meta property=\"og:site_name\" content=\"Children\u2019s Art Biennale\" \/>\n<meta property=\"article:publisher\" content=\"https:\/\/www.facebook.com\/BiennaleSztukiDziecka\" \/>\n<meta property=\"article:modified_time\" content=\"2023-05-24T19:39:30+00:00\" \/>\n<meta property=\"og:image\" content=\"https:\/\/biennaledladziecka.pl\/wp-content\/uploads\/2023\/04\/Moj-ogon-i-ja-fot.-Marek-Zakrzewski_7.jpg\" \/>\n\t<meta property=\"og:image:width\" content=\"1600\" \/>\n\t<meta property=\"og:image:height\" content=\"1067\" \/>\n\t<meta property=\"og:image:type\" content=\"image\/jpeg\" \/>\n<meta name=\"twitter:card\" content=\"summary_large_image\" \/>\n<script type=\"application\/ld+json\" class=\"yoast-schema-graph\">{\"@context\":\"https:\/\/schema.org\",\"@graph\":[{\"@type\":\"WebPage\",\"@id\":\"https:\/\/biennaledladziecka.pl\/en\/event\/my-tail-and-i-interactive-dance-performance\/\",\"url\":\"https:\/\/biennaledladziecka.pl\/en\/event\/my-tail-and-i-interactive-dance-performance\/\",\"name\":\"My tail and I \/ interactive dance performance - Children\u2019s Art Biennale\",\"isPartOf\":{\"@id\":\"https:\/\/biennaledladziecka.pl\/#website\"},\"primaryImageOfPage\":{\"@id\":\"https:\/\/biennaledladziecka.pl\/en\/event\/my-tail-and-i-interactive-dance-performance\/#primaryimage\"},\"image\":{\"@id\":\"https:\/\/biennaledladziecka.pl\/en\/event\/my-tail-and-i-interactive-dance-performance\/#primaryimage\"},\"thumbnailUrl\":\"https:\/\/biennaledladziecka.pl\/wp-content\/uploads\/2023\/04\/Moj-ogon-i-ja-fot.-Marek-Zakrzewski_7.jpg\",\"datePublished\":\"2023-04-21T12:39:39+00:00\",\"dateModified\":\"2023-05-24T19:39:30+00:00\",\"breadcrumb\":{\"@id\":\"https:\/\/biennaledladziecka.pl\/en\/event\/my-tail-and-i-interactive-dance-performance\/#breadcrumb\"},\"inLanguage\":\"en-US\",\"potentialAction\":[{\"@type\":\"ReadAction\",\"target\":[\"https:\/\/biennaledladziecka.pl\/en\/event\/my-tail-and-i-interactive-dance-performance\/\"]}]},{\"@type\":\"ImageObject\",\"inLanguage\":\"en-US\",\"@id\":\"https:\/\/biennaledladziecka.pl\/en\/event\/my-tail-and-i-interactive-dance-performance\/#primaryimage\",\"url\":\"https:\/\/biennaledladziecka.pl\/wp-content\/uploads\/2023\/04\/Moj-ogon-i-ja-fot.-Marek-Zakrzewski_7.jpg\",\"contentUrl\":\"https:\/\/biennaledladziecka.pl\/wp-content\/uploads\/2023\/04\/Moj-ogon-i-ja-fot.-Marek-Zakrzewski_7.jpg\",\"width\":1600,\"height\":1067,\"caption\":\"220722 M\u00f3j ogon i ja. Aleksandra Bro\u017cek - Muszy\u0144ska, Hanna Bylka-Kanecka, Dana Chmielewska. Foto: Marek Zakrzewski \/\/ SZKICEzWIDZENIA\"},{\"@type\":\"BreadcrumbList\",\"@id\":\"https:\/\/biennaledladziecka.pl\/en\/event\/my-tail-and-i-interactive-dance-performance\/#breadcrumb\",\"itemListElement\":[{\"@type\":\"ListItem\",\"position\":1,\"name\":\"Strona g\u0142\u00f3wna\",\"item\":\"https:\/\/biennaledladziecka.pl\/en\/\"},{\"@type\":\"ListItem\",\"position\":2,\"name\":\"My tail and I \/ interactive dance performance\"}]},{\"@type\":\"WebSite\",\"@id\":\"https:\/\/biennaledladziecka.pl\/#website\",\"url\":\"https:\/\/biennaledladziecka.pl\/\",\"name\":\"Biennale Sztuki dla Dziecka\",\"description\":\"\",\"publisher\":{\"@id\":\"https:\/\/biennaledladziecka.pl\/#organization\"},\"potentialAction\":[{\"@type\":\"SearchAction\",\"target\":{\"@type\":\"EntryPoint\",\"urlTemplate\":\"https:\/\/biennaledladziecka.pl\/?s={search_term_string}\"},\"query-input\":{\"@type\":\"PropertyValueSpecification\",\"valueRequired\":true,\"valueName\":\"search_term_string\"}}],\"inLanguage\":\"en-US\"},{\"@type\":\"Organization\",\"@id\":\"https:\/\/biennaledladziecka.pl\/#organization\",\"name\":\"Biennale Sztuki dla Dziecka\",\"url\":\"https:\/\/biennaledladziecka.pl\/\",\"logo\":{\"@type\":\"ImageObject\",\"inLanguage\":\"en-US\",\"@id\":\"https:\/\/biennaledladziecka.pl\/#\/schema\/logo\/image\/\",\"url\":\"https:\/\/biennaledladziecka.pl\/wp-content\/uploads\/2025\/01\/461333142_528284736576056_5597211277759003793_n.jpg\",\"contentUrl\":\"https:\/\/biennaledladziecka.pl\/wp-content\/uploads\/2025\/01\/461333142_528284736576056_5597211277759003793_n.jpg\",\"width\":801,\"height\":800,\"caption\":\"Biennale Sztuki dla Dziecka\"},\"image\":{\"@id\":\"https:\/\/biennaledladziecka.pl\/#\/schema\/logo\/image\/\"},\"sameAs\":[\"https:\/\/www.facebook.com\/BiennaleSztukiDziecka\"]}]}<\/script>\n<!-- \/ Yoast SEO plugin. -->","yoast_head_json":{"title":"My tail and I \/ interactive dance performance - Children\u2019s Art Biennale","robots":{"index":"index","follow":"follow","max-snippet":"max-snippet:-1","max-image-preview":"max-image-preview:large","max-video-preview":"max-video-preview:-1"},"canonical":"https:\/\/biennaledladziecka.pl\/en\/event\/my-tail-and-i-interactive-dance-performance\/","og_locale":"en_US","og_type":"article","og_title":"My tail and I \/ interactive dance performance - Children\u2019s Art Biennale","og_url":"https:\/\/biennaledladziecka.pl\/en\/event\/my-tail-and-i-interactive-dance-performance\/","og_site_name":"Children\u2019s Art Biennale","article_publisher":"https:\/\/www.facebook.com\/BiennaleSztukiDziecka","article_modified_time":"2023-05-24T19:39:30+00:00","og_image":[{"width":1600,"height":1067,"url":"https:\/\/biennaledladziecka.pl\/wp-content\/uploads\/2023\/04\/Moj-ogon-i-ja-fot.-Marek-Zakrzewski_7.jpg","type":"image\/jpeg"}],"twitter_card":"summary_large_image","schema":{"@context":"https:\/\/schema.org","@graph":[{"@type":"WebPage","@id":"https:\/\/biennaledladziecka.pl\/en\/event\/my-tail-and-i-interactive-dance-performance\/","url":"https:\/\/biennaledladziecka.pl\/en\/event\/my-tail-and-i-interactive-dance-performance\/","name":"My tail and I \/ interactive dance performance - Children\u2019s Art Biennale","isPartOf":{"@id":"https:\/\/biennaledladziecka.pl\/#website"},"primaryImageOfPage":{"@id":"https:\/\/biennaledladziecka.pl\/en\/event\/my-tail-and-i-interactive-dance-performance\/#primaryimage"},"image":{"@id":"https:\/\/biennaledladziecka.pl\/en\/event\/my-tail-and-i-interactive-dance-performance\/#primaryimage"},"thumbnailUrl":"https:\/\/biennaledladziecka.pl\/wp-content\/uploads\/2023\/04\/Moj-ogon-i-ja-fot.-Marek-Zakrzewski_7.jpg","datePublished":"2023-04-21T12:39:39+00:00","dateModified":"2023-05-24T19:39:30+00:00","breadcrumb":{"@id":"https:\/\/biennaledladziecka.pl\/en\/event\/my-tail-and-i-interactive-dance-performance\/#breadcrumb"},"inLanguage":"en-US","potentialAction":[{"@type":"ReadAction","target":["https:\/\/biennaledladziecka.pl\/en\/event\/my-tail-and-i-interactive-dance-performance\/"]}]},{"@type":"ImageObject","inLanguage":"en-US","@id":"https:\/\/biennaledladziecka.pl\/en\/event\/my-tail-and-i-interactive-dance-performance\/#primaryimage","url":"https:\/\/biennaledladziecka.pl\/wp-content\/uploads\/2023\/04\/Moj-ogon-i-ja-fot.-Marek-Zakrzewski_7.jpg","contentUrl":"https:\/\/biennaledladziecka.pl\/wp-content\/uploads\/2023\/04\/Moj-ogon-i-ja-fot.-Marek-Zakrzewski_7.jpg","width":1600,"height":1067,"caption":"220722 M\u00f3j ogon i ja. Aleksandra Bro\u017cek - Muszy\u0144ska, Hanna Bylka-Kanecka, Dana Chmielewska. Foto: Marek Zakrzewski \/\/ SZKICEzWIDZENIA"},{"@type":"BreadcrumbList","@id":"https:\/\/biennaledladziecka.pl\/en\/event\/my-tail-and-i-interactive-dance-performance\/#breadcrumb","itemListElement":[{"@type":"ListItem","position":1,"name":"Strona g\u0142\u00f3wna","item":"https:\/\/biennaledladziecka.pl\/en\/"},{"@type":"ListItem","position":2,"name":"My tail and I \/ interactive dance performance"}]},{"@type":"WebSite","@id":"https:\/\/biennaledladziecka.pl\/#website","url":"https:\/\/biennaledladziecka.pl\/","name":"Biennale Sztuki dla Dziecka","description":"","publisher":{"@id":"https:\/\/biennaledladziecka.pl\/#organization"},"potentialAction":[{"@type":"SearchAction","target":{"@type":"EntryPoint","urlTemplate":"https:\/\/biennaledladziecka.pl\/?s={search_term_string}"},"query-input":{"@type":"PropertyValueSpecification","valueRequired":true,"valueName":"search_term_string"}}],"inLanguage":"en-US"},{"@type":"Organization","@id":"https:\/\/biennaledladziecka.pl\/#organization","name":"Biennale Sztuki dla Dziecka","url":"https:\/\/biennaledladziecka.pl\/","logo":{"@type":"ImageObject","inLanguage":"en-US","@id":"https:\/\/biennaledladziecka.pl\/#\/schema\/logo\/image\/","url":"https:\/\/biennaledladziecka.pl\/wp-content\/uploads\/2025\/01\/461333142_528284736576056_5597211277759003793_n.jpg","contentUrl":"https:\/\/biennaledladziecka.pl\/wp-content\/uploads\/2025\/01\/461333142_528284736576056_5597211277759003793_n.jpg","width":801,"height":800,"caption":"Biennale Sztuki dla Dziecka"},"image":{"@id":"https:\/\/biennaledladziecka.pl\/#\/schema\/logo\/image\/"},"sameAs":["https:\/\/www.facebook.com\/BiennaleSztukiDziecka"]}]}},"_links":{"self":[{"href":"https:\/\/biennaledladziecka.pl\/en\/wp-json\/wp\/v2\/wydarzenie\/2728","targetHints":{"allow":["GET"]}}],"collection":[{"href":"https:\/\/biennaledladziecka.pl\/en\/wp-json\/wp\/v2\/wydarzenie"}],"about":[{"href":"https:\/\/biennaledladziecka.pl\/en\/wp-json\/wp\/v2\/types\/wydarzenie"}],"wp:featuredmedia":[{"embeddable":true,"href":"https:\/\/biennaledladziecka.pl\/en\/wp-json\/wp\/v2\/media\/1984"}],"wp:attachment":[{"href":"https:\/\/biennaledladziecka.pl\/en\/wp-json\/wp\/v2\/media?parent=2728"}],"wp:term":[{"taxonomy":"category","embeddable":true,"href":"https:\/\/biennaledladziecka.pl\/en\/wp-json\/wp\/v2\/categories?post=2728"},{"taxonomy":"wiek","embeddable":true,"href":"https:\/\/biennaledladziecka.pl\/en\/wp-json\/wp\/v2\/wiek?post=2728"}],"curies":[{"name":"wp","href":"https:\/\/api.w.org\/{rel}","templated":true}]}}

<!-- This site is optimized with the Yoast SEO plugin v24.5 - https://yoast.com/wordpress/plugins/seo/ -->
<title>My tail and I / interactive dance performance - Children’s Art Biennale</title>
<meta name="robots" content="index, follow, max-snippet:-1, max-image-preview:large, max-video-preview:-1" />
<link rel="canonical" href="https://biennaledladziecka.pl/en/event/my-tail-and-i-interactive-dance-performance/" />
<meta property="og:locale" content="en_US" />
<meta property="og:type" content="article" />
<meta property="og:title" content="My tail and I / interactive dance performance - Children’s Art Biennale" />
<meta property="og:url" content="https://biennaledladziecka.pl/en/event/my-tail-and-i-interactive-dance-performance/" />
<meta property="og:site_name" content="Children’s Art Biennale" />
<meta property="article:publisher" content="https://www.facebook.com/BiennaleSztukiDziecka" />
<meta property="article:modified_time" content="2023-05-24T19:39:30+00:00" />
<meta property="og:image" content="https://biennaledladziecka.pl/wp-content/uploads/2023/04/Moj-ogon-i-ja-fot.-Marek-Zakrzewski_7.jpg" />
	<meta property="og:image:width" content="1600" />
	<meta property="og:image:height" content="1067" />
	<meta property="og:image:type" content="image/jpeg" />
<meta name="twitter:card" content="summary_large_image" />
<script type="application/ld+json" class="yoast-schema-graph">{"@context":"https://schema.org","@graph":[{"@type":"WebPage","@id":"https://biennaledladziecka.pl/en/event/my-tail-and-i-interactive-dance-performance/","url":"https://biennaledladziecka.pl/en/event/my-tail-and-i-interactive-dance-performance/","name":"My tail and I / interactive dance performance - Children’s Art Biennale","isPartOf":{"@id":"https://biennaledladziecka.pl/#website"},"primaryImageOfPage":{"@id":"https://biennaledladziecka.pl/en/event/my-tail-and-i-interactive-dance-performance/#primaryimage"},"image":{"@id":"https://biennaledladziecka.pl/en/event/my-tail-and-i-interactive-dance-performance/#primaryimage"},"thumbnailUrl":"https://biennaledladziecka.pl/wp-content/uploads/2023/04/Moj-ogon-i-ja-fot.-Marek-Zakrzewski_7.jpg","datePublished":"2023-04-21T12:39:39+00:00","dateModified":"2023-05-24T19:39:30+00:00","breadcrumb":{"@id":"https://biennaledladziecka.pl/en/event/my-tail-and-i-interactive-dance-performance/#breadcrumb"},"inLanguage":"en-US","potentialAction":[{"@type":"ReadAction","target":["https://biennaledladziecka.pl/en/event/my-tail-and-i-interactive-dance-performance/"]}]},{"@type":"ImageObject","inLanguage":"en-US","@id":"https://biennaledladziecka.pl/en/event/my-tail-and-i-interactive-dance-performance/#primaryimage","url":"https://biennaledladziecka.pl/wp-content/uploads/2023/04/Moj-ogon-i-ja-fot.-Marek-Zakrzewski_7.jpg","contentUrl":"https://biennaledladziecka.pl/wp-content/uploads/2023/04/Moj-ogon-i-ja-fot.-Marek-Zakrzewski_7.jpg","width":1600,"height":1067,"caption":"220722 Mój ogon i ja. Aleksandra Brożek - Muszyńska, Hanna Bylka-Kanecka, Dana Chmielewska. Foto: Marek Zakrzewski // SZKICEzWIDZENIA"},{"@type":"BreadcrumbList","@id":"https://biennaledladziecka.pl/en/event/my-tail-and-i-interactive-dance-performance/#breadcrumb","itemListElement":[{"@type":"ListItem","position":1,"name":"Strona główna","item":"https://biennaledladziecka.pl/en/"},{"@type":"ListItem","position":2,"name":"My tail and I / interactive dance performance"}]},{"@type":"WebSite","@id":"https://biennaledladziecka.pl/#website","url":"https://biennaledladziecka.pl/","name":"Biennale Sztuki dla Dziecka","description":"","publisher":{"@id":"https://biennaledladziecka.pl/#organization"},"potentialAction":[{"@type":"SearchAction","target":{"@type":"EntryPoint","urlTemplate":"https://biennaledladziecka.pl/?s={search_term_string}"},"query-input":{"@type":"PropertyValueSpecification","valueRequired":true,"valueName":"search_term_string"}}],"inLanguage":"en-US"},{"@type":"Organization","@id":"https://biennaledladziecka.pl/#organization","name":"Biennale Sztuki dla Dziecka","url":"https://biennaledladziecka.pl/","logo":{"@type":"ImageObject","inLanguage":"en-US","@id":"https://biennaledladziecka.pl/#/schema/logo/image/","url":"https://biennaledladziecka.pl/wp-content/uploads/2025/01/461333142_528284736576056_5597211277759003793_n.jpg","contentUrl":"https://biennaledladziecka.pl/wp-content/uploads/2025/01/461333142_528284736576056_5597211277759003793_n.jpg","width":801,"height":800,"caption":"Biennale Sztuki dla Dziecka"},"image":{"@id":"https://biennaledladziecka.pl/#/schema/logo/image/"},"sameAs":["https://www.facebook.com/BiennaleSztukiDziecka"]}]}</script>
<!-- / Yoast SEO plugin. -->

220722 Mój ogon i ja. Aleksandra Brożek - Muszyńska, Hanna Bylka-Kanecka, Dana Chmielewska. Foto: Marek Zakrzewski // SZKICEzWIDZENIA

Strona główna
